7*y + 40. List the prime factors of y.
2, 5
Suppose -3*l - 2*l + 25 = 0. Suppose -101 = -l*u + o, 19 + 63 = 4*u - 2*o. Let t = -12 + u. What are the prime factors of t?
2
Let i = 210 + -111. List the prime factors of i.
3, 11
Suppose 0 = -3*r - 2*c - 84, 5*r + 0*c = c - 127. Let q(n) = -n**3 + 7*n**2 - 2*n - 4. Let g be q(5). Let f = r + g. List the prime factors of f.
2, 5
Suppose 4*h - 2*o = -6 - 16, -4*h + o - 25 = 0. Let d(q) = -q**3 + 2*q**2 + q - 1. Let r be d(-2). Let s = r + h. List the prime factors of s.
2, 3
Suppose 3 = y + 2*y. Let f be 2 - (1 - 45)/y. Suppose 0 = -4*n + f - 14. What are the prime factors of n?
2
Suppose 0 = -z - 4*z + 430. What are the prime factors of z?
2, 43
Let d = -328 - -734. What are the prime factors of d?
2, 7, 29
Let f(i) = 3*i - 2. Let c be 11/((-2 - -5)/3). Let v = c + -7. List the prime factors of f(v).
2, 5
Let g(v) = v**3 - 9*v**2 + 10*v + 9. Let z be g(8). Suppose z = a + 4*a, 5*a = 4*b + 13. List the prime factors of b/1*(-16)/(-6).
2
Suppose -s + r + 109 = 0, 7*s = 2*s + 3*r + 535. List the prime factors of s.
2, 13
Suppose -2*v = -4*p + 1430, p = 2*v + 63 + 296. What are the prime factors of p?
3, 7, 17
Suppose -2*q + l = q + 10, 5*q - 3*l = -22. Let a = 2 - q. List the prime factors of a.
2
Suppose 0 = 5*q - 34 - 6. List the prime factors of q.
2
Suppose -3*p + 21 = 3*y, -4*p = y - 2*y - 13. Let m(b) = -y*b - 4 + 5 + 1 + b**2. What are the prime factors of m(5)?
2, 3
Let o(l) = l**2 + 2. Suppose 6*t + 2*m + 2 = 4*t, 3*t + 2*m = -5. What are the prime factors of o(t)?
11
Let a(h) = -27*h - 31. List the prime factors of a(-6).
131
Suppose 2 = b - 3. Suppose 2*t = t + 3*d + 29, -2*t + 47 = b*d. List the prime factors of t.
2, 13
List the prime factors of (-2)/(-9) - 644/(-18).
2, 3
Let j(d) = 5 + 4*d**2 - d**3 + 2*d**3 + 0. List the prime factors of j(-4).
5
Suppose 3*o + 2*o = 40. Let l = 15 + -13. Suppose -f - o = -l*f. List the prime factors of f.
2
Let f(n) = -n**3 - 6*n**2 - 8*n - 7. Suppose 0*i = -2*i + 5*p + 10, 0 = -p - 4. What are the prime factors of f(i)?
2
Let b = 7 + -6. Suppose 5*s = 241 - b. List the prime factors of s.
2, 3
Suppose 0 = -6*k + 4*k + 64. List the prime factors of k.
2
Let o(q) = -2*q + 4. Let v be o(-6). Suppose -27 = 3*g - a + 3*a, -2*g - v = 2*a. Let w = g + 18. What are the prime factors of w?
7
Suppose 6*z = -3*v + 3*z + 51, 2*z + 106 = 5*v. Suppose l + v = 6*l. Suppose 0 + 28 = l*x. What are the prime factors of x?
7
Let a = 42 - 62. Let o = a - -46. What are the prime factors of o?
2, 13
Let b be -11 - (-4 + 4 + -3). Let l = 2 - b. List the prime factors of l.
2, 5
Suppose -2*q - 3*t - 8 = 0, 0 = -6*q + 3*q + 5*t + 7. Let s = 15 - 13. Let g = s - q. What are the prime factors of g?
3
Let p(g) = 2*g**2 + 12*g + 7. List the prime factors of p(-6).
7
Let t(x) = -18*x + 3. Let f be t(-7). Let i = -83 + f. List the prime factors of i.
2, 23
Let j be (24/(-14))/((-8)/28). Let h = 2 + j. List the prime factors of h.
2
Let t(r) = -r**2 - 9*r + 5. Let z be t(-9). Suppose -4*f + 13 + 3 = q, -z*f + 2 = -q. What are the prime factors of q?
2
Let b = -104 - -137. What are the prime factors of b?
3, 11
Suppose -2*v - 4 = 4*g - 6, -1 = g. What are the prime factors of v?
3
Suppose 84 = -0*l - 4*l. Let u = 30 + l. List the prime factors of u.
3
Let q be (-9)/2*(-4 + 2). Let c be (-1)/(3 - 5 - -1). List the prime factors of c/(-3)*(0 - q).
3
Let j be (-2 - -2)/(-2 - -4). Suppose j = 2*i - 15 - 25. List the prime factors of i.
2, 5
Suppose 2*h - 63 = 3*g, 5*h - 103 = 2*h - 4*g. List the prime factors of h.
3, 11
Let w(d) = d**3 - d**2 - d. Let x be w(0). Suppose x = 3*g + 3*s - 6, 4*g + 2*s - 1 = 5*s. Suppose -q - g = -4. List the prime factors of q.
3
Let m = 54 - 38. What are the prime factors of m?
2
Suppose 0 = 4*d - 328 - 128. List the prime factors of d.
2, 3, 19
Let d = -2 + 101. List the prime factors of d.
3, 11
Suppose -28 - 2 = -3*j. Let d(t) = -t**2 + 11*t + 12. List the prime factors of d(j).
2, 11
Suppose 4*l - 3*l - 20 = -5*y, 4*y = 4*l + 40. Let o = 3 + l. Let x = o - -9. List the prime factors of x.
7
Suppose -i = -3*p + 9, 0 = -i - 0*p - p + 3. Suppose k + k - 26 = i. What are the prime factors of k?
13
Let k(z) = z**3 + 2*z**2 - 2*z - 1. Let b be k(-2). Suppose b*n = 5*n - 32. List the prime factors of n.
2
Let s(r) = -2*r - 8. Let g(d) = -d**2 - d. Let p be g(-3). List the prime factors of s(p).
2
Let b(s) be the first derivative of -s**4 + 2*s**3/3 + 3. What are the prime factors of b(-2)?
2, 5
Let f = -45 + 65. What are the prime factors of f?
2, 5
Let g(t) = -t + 5. Let b be g(5). Let f = -26 - -30. Suppose -3 = -k + f*x, b = -4*k + 5*x + 12. List the prime factors of k.
3
Let y be (-6)/27 - 518/18. Suppose 2*a = -0*a + 82. Let k = a + y. List the prime factors of k.
2, 3
Suppose -2*a - 5*b + 177 = 0, -5 = 4*b - 1. What are the prime factors of a?
7, 13
Let p(x) = x**3 + 8*x**2 - 8*x + 1. Let a be p(-9). Let j = -4 - a. What are the prime factors of j?
2
Let u(a) = 16*a - 1. Suppose 0 = -3*w + 5 + 1. What are the prime factors of u(w)?
31
Let g(s) = 6*s**2 - 10*s + 30. List the prime factors of g(6).
2, 3, 31
Suppose -13 - 3 = -4*g. Let s = 7 - g. What are the prime factors of s?
3
Let j = 10 - 8. Suppose 5*x + 2*k - 6*k - 73 = 0, -k = j*x - 24. List the prime factors of x.
13
Let c be -2 + (100 - 0/1). Suppose 3*j + 4*f = 24, 2*j - 6*j + 4*f = -60. Suppose 0 = 4*w - 5*t - 61 - j, 4*t = 5*w - c. List the prime factors of w.
2, 11
Suppose -2*b = -4*b + 4. Suppose b*x - 86 = -18. What are the prime factors of x?
2, 17
Suppose -2*n + 0*n - 2*x = -500, -4*n + 1000 = -5*x. List the prime factors of n.
2, 5
What are the prime factors of 6/10 - (-124)/10?
13
Suppose 5*c = -65 + 500. List the prime factors of c.
3, 29
Suppose 0 = p - 6*p + 610. List the prime factors of p.
2, 61
Let t be ((-18)/(-4))/((-2)/(-4)). Let p(b) = b - 11. Let k be p(6). Let v = k + t. List the prime factors of v.
2
Let n be (10/(-5))/((-2)/4). Suppose 4*i = -6*h + 3*h + 40, -2*h - n*i = -32. List the prime factors of h.
2
Suppose -3*b + 201 = 4*a, -3*b + 180 = 2*a - 5*a. List the prime factors of b.
3, 7
List the prime factors of ((-24)/(-9) - 3)*-81.
3
Let y be 164/14 + (-4)/(-14). Let t be (-2)/5 + y/5. Suppose l + 0*w - 4*w + 16 = 0, t*l + 2 = 2*w. List the prime factors of l.
2
Let u be 2/6 - 5/(-3). Suppose 0*h - 3*h = -q + u, 0 = -4*h + 3*q - 6. Suppose -3*x + 4 + 2 = h. List the prime factors of x.
2
Let k = 1 - 19. Let v(q) = -8*q + 5. Let s be v(7). List the prime factors of ((-12)/k)/((-2)/s).
17
Suppose -30 = -3*c + 6. Suppose 4*n = 2*n - c. Let w = 6 - n. List the prime factors of w.
2, 3
Let p = 37 - -17. List the prime factors of p.
2, 3
Let v = 59 + -34. What are the prime factors of v?
5
Let p(f) = -5*f + 8. Let x be p(6). Let g = -6 - x. List the prime factors of g.
2
Let f = -125 + 322. List the prime factors of f.
197
Let a(z) = 16*z**2 + z - 1. What are the prime factors of a(1)?
2
Suppose 0 = 4*i + b + 17, -i = i + 2*b + 16. List the prime factors of 12 + (0 - (5 + i)).
2, 5
Let l be 4/(-10) + (-66)/10. Let z(r) = -2*r - 2. Let h be z(l). Suppose 0 = -k - 2*y + 2 + 4, 4*k + 2*y - h = 0. List the prime factors of k.
2
Let l = 6 - 1. Suppose l*i = z - 24, 2*z = -2*i - 2 + 38. What are the prime factors of z?
19
Let o(g) = -2*g**3 - 3*g**2 + 4*g. Let v be o(-3). Let z be (6/(-5))/(1/5). Let t = v + z. List the prime factors of t.
3
Suppose -5*r + 2*r - 2*t + 99 = 0, 2*r - 3*t - 66 = 0. What are the prime factors of r?
3, 11
Let b(g) = g - 3. Let c be b(3). Suppose -3*w + c*w = -12. Suppose l = -l + 2, w*p - l - 23 = 0. List the prime factors of p.
2, 3
Let q(n) = n + 2. Let t be q(3). Suppose c = -4*w, -t = -5*c - 3*w + 29. What are the prime factors of c?
2
Let j(g) = 2*g**2 + 3*g - 3. What are the prime factors of j(-4)?
17
Suppose 0 = -3*h + 6*h + 33. Let c = h - -23. What are the prime factors of c?
2, 3
Let i = 7 - 6. Suppose -35 = -2*a + i. What are the prime factors of a?
2, 3
Suppose 3*w - w - 96 = 0. What are the prime factors of w?
2, 3
Let s = 4 - 5. Let n be s/(-3) - (-30)/(-9). Let q = 10 - n. List the prime factors of q.
13
Suppose -31 = -2*r + 13. What are the prime factors of r?
2, 11
Let s = 131 - 81. List the prime factors of s.
2, 5
Let y be 74/(